82317923.
3, 20257547
What are the prime factors of 6778540933?
23, 37, 346321
List the prime factors of 3309436260.
2, 3, 5, 13, 59, 23971
List the prime factors of 270668454.
2, 3, 7, 920641
What are the prime factors of 18511945?
5, 3702389
List the prime factors of 56144955.
3, 5, 23, 162739
What are the prime factors of 167803296?
2, 3, 1747951
What are the prime factors of 2261498009?
19, 709, 167879
List the prime factors of 172384148.
2, 17, 199, 12739
What are the prime factors of 16199726?
2, 8099863
List the prime factors of 7602784330.
2, 5, 419, 1814507
List the prime factors of 28012687.
1429, 19603
List the prime factors of 1351005332.
2, 337751333
What are the prime factors of 43422329?
43422329
List the prime factors of 90935555.
5, 31, 107, 5483
List the prime factors of 87055674.
2, 3, 17, 907, 941
List the prime factors of 68906646.
2, 3, 1276049
What are the prime factors of 2196861389?
29, 2293, 33037
What are the prime factors of 3604394940?
2, 3, 5, 757, 79357
What are the prime factors of 6183154601?
13, 109, 1913, 2281
List the prime factors of 4877392.
2, 13, 131, 179
List the prime factors of 2575514697.
3, 7, 751, 163307
List the prime factors of 524314953.
3, 43, 1354819
What are the prime factors of 30307403?
7, 37, 117017
List the prime factors of 492577027.
197, 1069, 2339
What are the prime factors of 113984752?
2, 7, 1017721
What are the prime factors of 1323398270?
2, 5, 47, 2815741
What are the prime factors of 129895773?
3, 7, 167, 37039
List the prime factors of 37593725.
5, 13, 131, 883
What are the prime factors of 4369928445?
3, 5, 97109521
What are the prime factors of 68393884?
2, 13, 443, 2969
What are the prime factors of 126969007?
11, 281, 41077
List the prime factors of 296246286.
2, 3, 7, 827, 2843
List the prime factors of 1298680500.
2, 3, 5, 13, 47, 109
What are the prime factors of 44580284?
2, 7, 41, 38833
List the prime factors of 453622242.
2, 3, 3331, 22697
What are the prime factors of 39679180?
2, 5, 1193, 1663
List the prime factors of 1043880467.
7, 1427, 14929
List the prime factors of 70460136.
2, 3, 37, 26449
List the prime factors of 3456139973.
11, 13, 97, 193, 1291
List the prime factors of 119166918.
2, 3, 13, 79, 83, 233
List the prime factors of 398410720.
2, 5, 191, 13037
List the prime factors of 4153751610.
2, 3, 5, 17, 1193, 6827
List the prime factors of 133634874.
2, 3, 1181, 18859
What are the prime factors of 418478381?
29, 14430289
What are the prime factors of 166999288?
2, 181, 115331
What are the prime factors of 26781000?
2, 3, 5, 79, 113
What are the prime factors of 147650919?
3, 13, 19, 29, 6871
What are the prime factors of 1883257186?
2, 5437, 173189
What are the prime factors of 512423706?
2, 3, 2657, 32143
List the prime factors of 1328851478.
2, 17, 71, 32381
What are the prime factors of 1963382511?
3, 23, 28454819
List the prime factors of 512048286.
2, 3, 107, 265861
List the prime factors of 18928457.
659, 28723
What are the prime factors of 31101889?
7, 13, 131, 2609
List the prime factors of 45220280.
2, 5, 7, 29, 5569
List the prime factors of 252719498.
2, 617, 204797
What are the prime factors of 103967459?
31, 3353789
What are the prime factors of 592787346?
2, 3, 19, 227, 22907
What are the prime factors of 54616639?
7, 11, 709307
What are the prime factors of 65206024?
2, 13, 19, 32999
What are the prime factors of 29133150?
2, 3, 5, 167, 1163
List the prime factors of 370842228.
2, 3, 19, 542167
List the prime factors of 49131209.
197, 249397
What are the prime factors of 2408223?
3, 157, 5113
List the prime factors of 150488465.
5, 53, 567881
What are the prime factors of 33366075?
3, 5, 31, 113, 127
What are the prime factors of 81166870?
2, 5, 2069, 3923
List the prime factors of 454339026.
2, 3, 25241057
What are the prime factors of 48639505?
5, 2339, 4159
What are the prime factors of 892485216?
2, 3, 7, 7027
What are the prime factors of 1131525584?
2, 7, 10102907
What are the prime factors of 1841637864?
2, 3, 11, 83, 84047
What are the prime factors of 590092174?
2, 7, 29, 1453429
List the prime factors of 356045390.
2, 5, 89, 400051
What are the prime factors of 16975403?
23, 461, 1601
List the prime factors of 1512680459.
19, 5443, 14627
What are the prime factors of 33223390?
2, 5, 239, 13901
List the prime factors of 120308091.
3, 40102697
What are the prime factors of 796323396?
2, 3, 11, 2393, 2521
What are the prime factors of 497845717?
59, 1721, 4903
List the prime factors of 1637365867.
39163, 41809
List the prime factors of 113654547.
3, 43, 293681
What are the prime factors of 180629603?
7, 11, 23, 29, 3517
What are the prime factors of 487970116?
2, 23, 563, 9421
What are the prime factors of 33899818?
2, 347, 48847
What are the prime factors of 573568385?
5, 13, 53, 331, 503
What are the prime factors of 258162777?
3, 28684753
List the prime factors of 139152761.
11, 139, 91009
List the prime factors of 1711856941.
107, 15998663
What are the prime factors of 1433301636?
2, 3, 13, 439, 20929
List the prime factors of 150992173.
11527, 13099
What are the prime factors of 2266762080?
2, 3, 5, 11, 37, 41, 283
What are the prime factors of 148117213?
148117213
List the prime factors of 944405471.
17, 3267839
What are the prime factors of 667772123?
1297, 514859
List the prime factors of 29620036.
2, 7405009
What are the prime factors of 241833978?
2, 3, 43, 104149
List the prime factors of 42577768.
2, 5322221
What are the prime factors of 276058604?
2, 23, 3000637
List the prime factors of 173936511.
3, 7, 23, 40013
List the prime factors of 175792752.
2, 3, 1220783
List the prime factors of 65493123.
3, 21831041
List the prime factors of 700376240.
2, 5, 8754703
List the prime factors of 3421438058.
2, 1710719029
What are the prime factors of 77721441?
3, 7, 3701021
What are the prime factors of 55228202?
2, 71, 388931
List the prime factors of 251717369.
811, 310379
List the prime factors of 265211088.
2, 3, 5525231
List the prime factors of 567182029.
29, 937, 20873
What are the prime factors of 260679522?
2, 3, 449, 96763
What are the prime factors of 9798646?
2, 11, 13, 34261
List the prime factors of 45203062.
2, 43, 353, 1489
List the prime factors of 17234827.
659, 26153
List the prime factors of 319954546.
2, 7417, 21569
List the prime factors of 17942038.
2, 17, 523, 1009
What are the prime factors of 213968088?
2, 3, 990593
What are the prime factors of 264174300?
2, 3, 5, 13, 67, 337
List the prime factors of 337173484.
2, 31, 2719141
List the prime factors of 10406515.
5, 7, 73, 4073
What are the prime factors of 434694616?
2, 19, 109, 26237
What are the prime factors of 19936995?
3, 5, 13, 102241
What are the prime factors of 2486985795?
3, 5, 7, 2631731
List the prime factors of 255098895.
3, 5, 17006593
What are the prime factors of 83169428?
2, 439, 47363
What are the prime factors of 1028443786?
2, 31, 37, 151, 2969
What are the prime factors of 2566207934?
2, 23, 55787129
List the prime factors of 4524422579.
227, 859, 23203
List the prime factors of 3863769480.
2, 3, 5, 41, 261773
What are the prime factors of 30948109?
17, 197, 9241
What are the prime factors of 3269164?
2, 817291
What are the prime factors of 54265781?
59, 919759
List the prime factors of 63512468.
2, 61, 131, 1987
What are the prime factors of 4517262?
2, 3, 83653
What are the prime factors of 23911196?
2, 19, 29, 571
What are the prime factors of 65026857?
3, 7, 887, 3491
What are the prime factors of 37286382?
2, 3, 7, 283, 3137
List the prime factors of 1574402614.
2, 37, 21275711
List the prime factors of 1864752478.
2, 932376239
List the prime factors of 375636516.
2, 3, 4691, 6673
What are the prime factors of 488568267?
3, 11, 182779
List the prime factors of 253564937.
19, 43, 310361
List the prime factors of 108028497.
3, 36009499
What are the prime factors of 1075575650?
2, 5, 523, 41131
List the prime factors of 172169840.
2, 5, 2152123
What are the prime factors of 5275771001?
5275771001
List the prime factors of 26480260.
2, 5, 41, 43, 751
List the prime factors of 2884343387.
8951, 322237
What are the prime factors of 4055328?
2, 3, 14081
List the prime factors of 87708732.
2, 3, 479, 15259
List the prime factors 